{"id":57,"date":"2023-05-19T12:51:18","date_gmt":"2023-05-19T12:51:18","guid":{"rendered":"https:\/\/rgalia.es\/?page_id=57"},"modified":"2023-06-12T19:35:59","modified_gmt":"2023-06-12T19:35:59","slug":"la-autora","status":"publish","type":"page","link":"https:\/\/rgalia.es\/inicio\/la-autora\/","title":{"rendered":"La autora"},"content":{"rendered":"\n<div style=\"height:11px\" aria-hidden=\"true\" class=\"wp-block-spacer\"><\/div>\n\n\n\n<div style=\"height:8px\" aria-hidden=\"true\" class=\"wp-block-spacer\"><\/div>\n\n\n\n<div class=\"wp-block-media-text alignfull is-stacked-on-mobile is-vertically-aligned-top\" style=\"grid-template-columns:22% auto\"><figure class=\"wp-block-media-text__media\"><img loading=\"lazy\" decoding=\"async\" width=\"741\" height=\"1024\" src=\"https:\/\/rgalia.es\/wp-content\/uploads\/2023\/05\/R.G.ALIA-BN-1-741x1024.jpg\" alt=\"\" class=\"wp-image-101 size-full\" srcset=\"https:\/\/rgalia.es\/wp-content\/uploads\/2023\/05\/R.G.ALIA-BN-1-741x1024.jpg 741w, https:\/\/rgalia.es\/wp-content\/uploads\/2023\/05\/R.G.ALIA-BN-1-217x300.jpg 217w, https:\/\/rgalia.es\/wp-content\/uploads\/2023\/05\/R.G.ALIA-BN-1-768x1061.jpg 768w, https:\/\/rgalia.es\/wp-content\/uploads\/2023\/05\/R.G.ALIA-BN-1-1112x1536.jpg 1112w, https:\/\/rgalia.es\/wp-content\/uploads\/2023\/05\/R.G.ALIA-BN-1-1482x2048.jpg 1482w, https:\/\/rgalia.es\/wp-content\/uploads\/2023\/05\/R.G.ALIA-BN-1-600x829.jpg 600w, https:\/\/rgalia.es\/wp-content\/uploads\/2023\/05\/R.G.ALIA-BN-1-scaled.jpg 1853w\" sizes=\"(max-width: 741px) 100vw, 741px\" \/><\/figure><div class=\"wp-block-media-text__content\">\n<div style=\"height:17px\" aria-hidden=\"true\" class=\"wp-block-spacer\"><\/div>\n\n\n\n<p style=\"margin-top:var(--wp--preset--spacing--30);margin-right:var(--wp--preset--spacing--30);margin-bottom:var(--wp--preset--spacing--30);margin-left:var(--wp--preset--spacing--30)\">Desde ni\u00f1a sent\u00ed curiosidad por conocer c\u00f3mo mi familia, la humanidad y el universo, en ese orden, eran lo que eran. Estudi\u00e9 Ciencias F\u00edsicas, buscando entender el porqu\u00e9 de las cosas. Sin tener nada claro a\u00fan c\u00f3mo funcionaba el mundo, comenc\u00e9 mi andadura profesional con una beca de postgrado para completar mi formaci\u00f3n en el \u00e1rea internacional de una importante empresa de telecomunicaciones. Desde entonces mi carrera ha estado unida al devenir de esta compa\u00f1\u00eda ejerciendo diversos cargos.<br><\/p>\n\n\n\n<p style=\"margin-top:var(--wp--preset--spacing--30);margin-right:var(--wp--preset--spacing--30);margin-bottom:var(--wp--preset--spacing--30);margin-left:var(--wp--preset--spacing--30)\">Nunca he dejado de preguntarme qui\u00e9nes somos y buscar las respuestas a trav\u00e9s de lo que fuimos en el pasado, de ah\u00ed mi afici\u00f3n por la Historia, la Antropolog\u00eda, la artesan\u00eda y el folclore. De la b\u00fasqueda de mis ra\u00edces y mi afici\u00f3n desde ni\u00f1a a escribir, naci\u00f3 Anank\u00e9, mi primera novela.<br><\/p>\n\n\n\n<p style=\"margin-top:var(--wp--preset--spacing--30);margin-right:var(--wp--preset--spacing--30);margin-bottom:var(--wp--preset--spacing--30);margin-left:var(--wp--preset--spacing--30)\">Me considero una mujer afortunada a la que la vida le ha dado la oportunidad de no obligarme a elegir entre ciencias o letras; las Ciencias me ofrecen control y las Letras, la magia de crear sue\u00f1os.<\/p>\n\n\n\n<p style=\"margin-top:0px;margin-right:0px;margin-bottom:0px;margin-left:0px;padding-top:var(--wp--preset--spacing--80);padding-right:var(--wp--preset--spacing--80);padding-bottom:var(--wp--preset--spacing--80);padding-left:var(--wp--preset--spacing--80);font-size:15px\"><\/p>\n<\/div><\/div>\n","protected":false},"excerpt":{"rendered":"","protected":false},"author":1,"featured_media":0,"parent":0,"menu_order":0,"comment_status":"closed","ping_status":"closed","template":"","meta":{"om_disable_all_campaigns":false,"_monsterinsights_skip_tracking":false,"_monsterinsights_sitenote_active":false,"_monsterinsights_sitenote_note":"","_monsterinsights_sitenote_category":0,"site-sidebar-layout":"default","site-content-layout":"default","ast-global-header-display":"","ast-banner-title-visibility":"","ast-main-header-display":"","ast-hfb-above-header-display":"","ast-hfb-below-header-display":"","ast-hfb-mobile-header-display":"","site-post-title":"disabled","ast-breadcrumbs-content":"","ast-featured-img":"","footer-sml-layout":"","theme-transparent-header-meta":"","adv-header-id-meta":"","stick-header-meta":"","header-above-stick-meta":"","header-main-stick-meta":"","header-below-stick-meta":"","footnotes":""},"aioseo_notices":[],"_links":{"self":[{"href":"https:\/\/rgalia.es\/inicio\/wp-json\/wp\/v2\/pages\/57"}],"collection":[{"href":"https:\/\/rgalia.es\/inicio\/wp-json\/wp\/v2\/pages"}],"about":[{"href":"https:\/\/rgalia.es\/inicio\/wp-json\/wp\/v2\/types\/page"}],"author":[{"embeddable":true,"href":"https:\/\/rgalia.es\/inicio\/wp-json\/wp\/v2\/users\/1"}],"replies":[{"embeddable":true,"href":"https:\/\/rgalia.es\/inicio\/wp-json\/wp\/v2\/comments?post=57"}],"version-history":[{"count":25,"href":"https:\/\/rgalia.es\/inicio\/wp-json\/wp\/v2\/pages\/57\/revisions"}],"predecessor-version":[{"id":521,"href":"https:\/\/rgalia.es\/inicio\/wp-json\/wp\/v2\/pages\/57\/revisions\/521"}],"wp:attachment":[{"href":"https:\/\/rgalia.es\/inicio\/wp-json\/wp\/v2\/media?parent=57"}],"curies":[{"name":"wp","href":"https:\/\/api.w.org\/{rel}","templated":true}]}}